he remainder when 122 is divided by 38 + z + 6 + -2?
40
Suppose 12*m + 3478 - 1070 = 26*m. Calculate the remainder when 2747 is divided by m.
167
Suppose -13 = 15*k - 58 - 210. Let c(r) = r**3 - r**2 - 7*r. Calculate the remainder when c(5) is divided by k.
14
Suppose -40937 - 5120 = 294*a - 1287*a + 5579. Let r(c) = -c**3 - c + 204. Let w be -1*1 + 0 + 1. What is the remainder when r(w) is divided by a?
48
Let v(g) = g**3 - 5*g**2 - g + 11. Suppose 0*a + 13 = a. Suppose 17*x = a*x + 20. What is the remainder when 17 is divided by v(x)?
5
Suppose -1096 = -w - 3*c, 5*w + 9*c - 5490 = 4*c. Let z = -1069 + w. Calculate the remainder when 209 is divided by z.
29
Let v(n) = n**2 + 19*n + 50. Let t be v(-6). What is the remainder when (-1)/(t/932) + 6/(-21) is divided by 8?
1
Let z = -10419 - -18653. What is the remainder when z is divided by 4?
2
Suppose -4840 = -179*s + 58*s. Calculate the remainder when 797 is divided by s.
37
Suppose z + 4*o = 113 + 26, -2*z + 3*o + 311 = 0. Suppose -3*n - 3*p - 2*p + 464 = 0, 2*p = n - z. What is the remainder when n is divided by 56?
41
Suppose 17*i - 1329 - 58 = -503. Let d(w) = w**2 + 15*w - 5*w - 5 + 19. What is the remainder when i is divided by d(-10)?
10
Suppose 5*o - 362 - 778 = -3*a, -435 = -2*o + 3*a. Suppose 3*w = -6*w + o. Calculate the remainder when 168 is divided by w.
18
Suppose 4*s - 1265 = 5*z, -3*s - 21*z + 975 = -16*z. Calculate the remainder when s is divided by 10.
0
Suppose 3*y - 4367 = -2*b, 34*y = 31*y + 15. Calculate the remainder when b is divided by 109.
105
Let v = -2281 - -2296. Calculate the remainder when 3714 is divided by v.
9
Let l(m) = 3*m + 29. Let t be 3/(-4) + 1 - (-1643)/(-124). Let w be l(t). What is the remainder when 33 is divided by (w/25 - 91/10)*-2?
14
Let y(u) = -2*u**2 - 28. Let v be y(-9). What is the remainder when 10/(-4)*3192/v is divided by 15?
12
Let v = 25 + -4. Suppose -y = -3*n, 2*y + 5*n = 6*y - v. What is the remainder when 6 is divided by (9/2)/y*4?
0
Let m(g) = 4*g**2 + 16*g + 1. Suppose 0 = 5*z + 25, -10*z = -8*h - 15*z + 583. Calculate the remainder when m(-10) is divided by h.
13
Let v = 8642 + -8270. What is the remainder when v is divided by 75?
72
Let p(g) = 2*g**2 - 108*g + 116. Calculate the remainder when 3028 is divided by p(53).
8
Calculate the remainder when 1280 is divided by (1 - 2)*6/(-15)*(792 - 2).
16
Let s = -1 + 12. Calculate the remainder when 203 is divided by 57/s - 48/264.
3
Suppose -6*w - 1290 = -2*r - 5*w, 0 = -5*w. Suppose r - 147 = 2*d. Calculate the remainder when d is divided by 14.
11
Suppose 2*v - 90 = 12*v. Let j be (-5)/(v - 1)*-30. Let u = 30 - j. What is the remainder when u is divided by 24?
21
Let j = -45 + 60. Suppose -17*v + 1225 + 33 = 0. Calculate the remainder when v is divided by j.
14
Let f = -16 - -19. Suppose -f*w = -7*w + 48. Suppose 0 = -3*s + 24 + w. Calculate the remainder when 29 is divided by s.
5
Let q = 8 - 2. Let r(z) = 12*z + 5*z - 32 - 9*z + 0*z - 3. Calculate the remainder when 48 is divided by r(q).
9
Let p = 8933 - 8735. What is the remainder when 999 is divided by p?
9
Let o be 1*(0 - -36)/(-2). Let a = 38 + o. What is the remainder when a is divided by 200/18 - (342/162 - 2)?
9
Let l = 47 + -26. Suppose -10*b - 2*q + 16 = -8*b, 36 = 3*b - q. Suppose -3*i + l = u + 4, -2*u + 3*i - b = 0. Calculate the remainder when 11 is divided by u.
1
Let r(a) = -201*a - 1486. Calculate the remainder when r(-8) is divided by 69.
53
Suppose 4*f + 19*o - 21 = 20*o, -4*f + 17 = 3*o. Let p(l) = 4*l**2 + 2*l. Let m be p(-5). Calculate the remainder when 87 is divided by (-5)/(-1) + m/f.
18
Suppose -24*u + 19*u - 99 = -3*o, 2*o = 3*u + 67. Suppose -3*r = 3*y - 2*y - 23, -3*y = r - 29. Calculate the remainder when o is divided by y.
6
Suppose -12*f + 8*f + 1133 = 3*j, 3*j - 1137 = -3*f. Calculate the remainder when j is divided by 46.
15
Let m(g) = -2*g - 13. Let v be m(-9). Suppose 4*b + x = 137, 0 = v*b + 5*x + 98 - 258. Calculate the remainder when b is divided by (19 - 4)/(-2 + 3).
5
Let a(q) = -25*q - 39. Calculate the remainder when a(-54) is divided by 146.
143
Suppose -2 + 16 = s. Let p = -13907 - -13949. Calculate the remainder when p is divided by s.
0
Let s(w) = 2*w**3 - 2*w**2 - 4*w. Suppose 0 = l - 0*l + 1, 4*r = 5*l + 245. Let m = 63 - r. What is the remainder when s(3) is divided by m?
0
Suppose 5*x + 110 = 5*h, 5*h + 83 = 9*h + x. Calculate the remainder when 5438 is divided by h.
20
Let w(h) = 908*h**2 - 2. Let o be w(-1). Let s = o - 877. Calculate the remainder when 141 is divided by s.
25
Let z = -25440 + 25609. Calculate the remainder when 808 is divided by z.
132
Let k(a) = -13*a**3 - 3*a**2 + 9*a + 75. Let x be k(-5). Suppose 37*u - x = -359. What is the remainder when 592 is divided by u?
31
Suppose -2*l = 5*i - 484, -3*i - 4*l + 86 = -2*i. Let r(o) = -o**2 - 14*o - 81. Let y be r(-8). What is the remainder when i is divided by (-70)/(-6) + 22/y?
10
Let f = 57 - -6. Suppose -5*l - 63 = -2*q, 5*q - f = 4*l + 69. Let i(o) = -o + 27. Calculate the remainder when 4 is divided by i(q).
1
Suppose 20 + 48 = -2*w. Let k = w - -40. Calculate the remainder when 20 is divided by k.
2
Let f(o) = 23*o**2 + o - 2. Suppose 40*l - 1728 - 632 = 0. Calculate the remainder when l is divided by f(-1).
19
Suppose -52 = -4*n + 2*n. Suppose -5*u + 5*d - 51 + 16 = 0, -3*u + 4*d = 22. What is the remainder when 8/((0 + u)/(-36)) is divided by n?
22
Let x = -6049 + 8311. What is the remainder when x is divided by 14?
8
Let j(g) = -3*g**2 - g - 1. Let t(c) = -7*c**2 + 23. Let z(w) = 2*j(w) - t(w). Let q = 4 - 9. Calculate the remainder when 18 is divided by z(q).
8
Suppose -140 = 1008*f - 1009*f + 5*r, 2*r = 5*f - 516. Calculate the remainder when 1496 is divided by f.
96
Let a = 2 - 2. Suppose 3*d + 868 = 2*v + 2*d, -3*d + 6 = a. Calculate the remainder when v is divided by 88.
83
Let p(j) be the first derivative of -18*j**2 + 3*j - 86. What is the remainder when p(-5) is divided by 31?
28
What is the remainder when 537 is divided by 36 - (19 + -4) - 2?
5
Let m = -374 + 254. Let d = m - -145. Calculate the remainder when d is divided by 24.
1
Let b(s) = -s**2 - 11*s - 23. Let n be b(10). Let u = 246 + n. What is the remainder when 155 is divided by u?
12
Suppose 994 = 160*n - 153*n. What is the remainder when 5821 is divided by n?
141
Let z = 6251 + -5658. What is the remainder when z is divided by 17?
15
Calculate the remainder when 2*(-7)/6 - (19995/(-45) - -25) is divided by 299.
118
Suppose 98 = q - 5*b, 0 = 4*b - 0*b. Let c be 6/14 - 924/q. Let l(s) = -s**2 - 15*s + 20. What is the remainder when l(c) is divided by 26?
22
Let c(k) = -2930*k + 35368. What is the remainder when c(12) is divided by (22 + 0)*1/2?
10
Calculate the remainder when 1886 is divided by -10 - 736/138*27/(-6).
10
Let r = 534 - 386. Suppose -3*w - r = -6*w + d, w = d + 46. What is the remainder when 304 is divided by w?
49
Let a(h) = -h**3 + 13*h**2 - 24*h + 16. Let b be a(11). Suppose -2*w + 6*w = 252. What is the remainder when w is divided by b + 23 + -2 + -2?
11
Let h be -1*(388/(-15) - 22/165). Suppose -2*f + 28 = 2*v, -3*f + 2*v = -3*v - h. Let l = -57 + 114. Calculate the remainder when l is divided by f.
9
Let z = -7 + 11. Suppose -c - z*x + 2 = -x, 3*c - 2*x - 17 = 0. Let r = 3 + c. Calculate the remainder when 29 is divided by r.
5
Suppose -3*v + 2*x = -68, 0 = -6*v + 2*v - 3*x + 85. Suppose -2*w - 2*b + 32 + v = 0, 3*b = 4*w - 73. What is the remainder when 79 is divided by w?
13
Suppose 0 = 5*c + 4*p - 10, 4*c - 6*p + 7*p = 8. Suppose -2*m + 1002 = 2*r, 4*r - 2005 = -c*m - m. What is the remainder when r is divided by 36?
34
Let m(k) = -62*k**3 - k. Let w(r) = -r**3 - 6*r**2 - 16*r + 3. Let x be w(-5). Let o = x - 26. What is the remainder when m(-1) is divided by o?
31
Suppose 5*x - 46 = 3*i + 36, 2*x - 2*i - 36 = 0. What is the remainder when 56 is divided by x?
0
Suppose 12*h + 2 = 14*h + g, 0 = -h - 4*g - 6. Calculate the remainder when 561 is divided by h.
1
Let m(p) = -10*p - 3. Let d = 9 + -7. Suppose -d*k + 91 = 27. Calculate the remainder when k is divided by m(-2).
15
Suppose -12*g + 816 = 4*g. Suppose -4*l = -4*a - 36, 5*l - l + a - g = 0. Calculate the remainder when 151 is divided by l.
7
Let t(n) = -105*n + 